15
Convert -1221 (base 3) to base 5.
-202
What is 2b (base 13) in base 6?
101
Convert -2 (base 3) to base 6.
-2
2224 (base 5) to base 3
102122
What is -48 (base 16) in base 14?
-52
Convert 1b (base 12) to base 13.
1a
Convert -1 (base 15) to base 5.
-1
What is -18 (base 9) in base 6?
-25
-53 (base 9) to base 7
-66
307 (base 8) to base 14
103
Convert 14 (base 5) to base 10.
9
Convert 10100011 (base 2) to base 3.
20001
-4 (base 11) to base 8
-4
What is -114 (base 5) in base 3?
-1021
Convert 4b (base 12) to base 10.
59
Convert 33 (base 12) to base 8.
47
Convert 3 (base 8) to base 5.
3
Convert -10 (base 12) to base 13.
-c
What is 3 (base 15) in base 14?
3
-11 (base 5) to base 6
-10
123 (base 12) to base 13
102
-222 (base 5) to base 7
-116
Convert 1052 (base 6) to base 16.
f8
0 (base 6) to base 13
0
Convert 7 (base 12) to base 3.
21
35 (base 10) to base 14
27
Convert 5 (base 10) to base 6.
5
-1 (base 12) to base 15
-1
Convert -1001 (base 2) to base 10.
-9
What is a2 (base 11) in base 5?
422
What is 201 (base 3) in base 7?
25
What is -35 (base 12) in base 6?
-105
What is -110 (base 6) in base 16?
-2a
3 (base 14) to base 8
3
-134 (base 5) to base 4
-230
What is 302 (base 5) in base 12?
65
Convert 4 (base 14) to base 5.
4
3 (base 5) to base 2
11
Convert -3 (base 5) to base 14.
-3
-2 (base 4) to base 16
-2
What is -3 (base 6) in base 13?
-3
-2 (base 11) to base 8
-2
What is 2203 (base 4) in base 9?
201
Convert -21 (base 5) to base 2.
-1011
-138 (base 10) to base 5
-1023
Convert -2 (base 16) to base 13.
-2
-424 (base 6) to base 8
-240
-37 (base 11) to base 12
-34
What is -111 (base 3) in base 4?
-31
7 (base 10) to base 11
7
Convert -1 (base 16) to base 6.
-1
0 (base 12) to base 4
0
What is 120 (base 15) in base 14?
143
Convert 3 (base 7) to base 9.
3
What is -32 (base 10) in base 12?
-28
Convert -4 (base 12) to base 14.
-4
Convert 1 (base 2) to base 15.
1
4 (base 15) to base 12
4
-4 (base 15) to base 2
-100
Convert 1101 (base 2) to base 5.
23
-10111 (base 2) to base 10
-23
Convert -1000 (base 3) to base 4.
-123
-2100 (base 3) to base 12
-53
50 (base 7) to base 14
27
Convert -7 (base 16) to base 5.
-12
3 (base 8) to base 16
3
Convert -3 (base 10) to base 13.
-3
-3 (base 8) to base 12
-3
Convert 524 (base 6) to base 13.
121
42 (base 5) to base 13
19
Convert 3 (base 10) to base 12.
3
11 (base 8) to base 11
9
Convert -222 (base 3) to base 5.
-101
1 (base 16) to base 3
1
Convert 111100 (base 2) to base 3.
2020
Convert 11 (base 8) to base 6.
13
2 (base 4) to base 13
2
Convert 163 (base 13) to base 9.
307
22 (base 16) to base 11
31
What is -3 (base 13) in base 8?
-3
Convert 17 (base 8) to base 10.
15
What is 254 (base 7) in base 13?
a7
Convert 5 (base 7) to base 6.
5
Convert -133 (base 8) to base 13.
-70
What is -10 (base 3) in base 12?
-3
-5 (base 14) to base 9
-5
What is -92 (base 13) in base 15?
-7e
Convert 2 (base 3) to base 11.
2
What is -333 (base 7) in base 9?
-210
-6 (base 14) to base 13
-6
Convert 9 (base 12) to base 5.
14
What is 1010 (base 3) in base 15?
20
Convert 4 (base 14) to base 12.
4
-38 (base 14) to base 9
-55
Convert -3 (base 8) to base 12.
-3
What is -233 (base 6) in base 2?
-1011101
What is 1a (base 12) in base 7?
31
Convert 0 (base 7) to base 13.
0
Convert -15 (base 7) to base 13.
-c
What is 10 (base 3) in base 14?
3
Convert -1001 (base 2) to base 6.
-13
131 (base 4) to base 2
11101
Convert 1 (base 10) to base 16.
1
-22 (base 13) to base 3
-1001
-102 (base 3) to base 10
-11
-2 (base 4) to base 3
-2
100 (base 2) to base 14
4
-47 (base 14) to base 5
-223
Convert 88 (base 11) to base 3.
10120
-1011 (base 3) to base 14
-23
Convert -12 (base 10) to base 7.
-15
-1 (base 10) to base 8
-1
What is 10000111 (base 2) in base 13?
a5
b4 (base 12) to base 2
10001000
Convert -3 (base 9) to base 15.
-3
What is -23 (base 15) in base 13?
-27
3 (base 10) to base 8
3
179 (base 11) to base 7
414
Convert -91 (base 16) to base 3.
-12101
Convert a (base 13) to base 8.
12
Convert -4 (base 12) to base 4.
-10
What is -16 (base 7) in base 14?
-d
10 (base 10) to base 13
a
Convert -3 (base 14) to base 12.
-3
Convert -104 (base 10) to base 9.
-125
Convert 3 (base 14) to base 13.
3
Convert 11 (base 4) to base 6.
5
What is 1 (base 2) in base 15?
1
1 (base 14) to base 11
1
-167 (base 10) to base 14
-bd
-10 (base 3) to base 13
-3
What is -5 (base 16) in base 9?
-5
Convert -1000 (base 2) to base 9.
-8
2 (base 8) to base 9
2
What is -102 (base 5) in base 14?
-1d
Convert -b1 (base 12) to base 2.
-10000101
-34 (base 10) to base 4
-202
Convert -5 (base 16) to base 9.
-5
400 (base 5) to base 12
84
What is -2 (base 11) in base 14?
-2
What is -3 (base 12) in base 4?
-3
What is 1 (base 6) in base 8?
1
Convert -3 (base 6) to base 8.
-3
What is 233 (base 4) in base 10?
47
6 (base 8) to base 14
6
Convert -5 (base 10) to base 12.
-5
What is -14 (base 8) in base 7?
-15
-32 (base 15) to base 11
-43
Convert -4 (base 14) to base 4.
-10
What is 1 (base 13) in base 2?
1
What is -1 (base 9) in base 7?
-1
Convert a (base 12) to base 8.
12
What is 10011 (base 2) in base 11?
18
Convert 2 (base 12) to base 15.
2
Convert -23 (base 5) to base 4.
-31
Convert -315 (base 6) to base 7.
-230
Convert -22 (base 7) to base 4.
-100
Convert -99 (base 10) to base 3.
-10200
What is 108 (base 11) in base 7?
243
55 (base 7) to base 9
44
0 (base 16) to base 10
0
What is 21 (base 9) in base 7?
25
What is -14 (base 5) in base 12?
-9
Convert -1 (base 4) to base 16.
-1
What is -31 (base 4) in base 3?
-111
-5 (base 9) to base 15
-5
Convert 2 (base 5) to base 8.
2
14 (base 13) to base 10
17
What is 2212 (base 3) in base 6?
205
What is -3 (base 13) in base 2?
-11
-53 (base 8) to base 5
-133
4 (base 7) to base 16
4
Convert 3 (base 10) to base 9.
3
Convert 13 (base 8) to base 15.
b
0 (base 3) to base 2
0
What is 200 (base 3) in base 9?
20
32 (base 12) to base 5
123
What is -32 (base 11) in base 10?
-35
Convert 43 (base 12) to base 16.
33
Convert 14 (base 11) to base 4.
33
Convert -9 (base 15) to base 7.
-12
What is -11111 (base 3) in base 5?
-441
-42 (base 5) to base 12
-1a
60 (base 11) to base 4
1002
0 (base 7) to base 13
0
-c6 (base 13) to base 11
-138
110 (base 10) to base 6
302
-4 (base 12) to base 10
-4
-2120 (base 3) to base 13
-54
Convert 4 (base 11) to base 8.
4
Convert 1064 (base 7) to base 11.
324
What is 3 (base 9) in base 12?
3
What is 141 (base 6) in base 2?
111101
Convert -11101 (base 2) to base 9.
-32
What is 0 (base 8) in base 5?
0
Convert 301 (base 10) to base 6.
1221
3 (base 14) to base 2
11
Convert -1 (base 11) to base 7.
-1
20 (base 8) to base 6
24
Convert 23 (base 11) to base 5.
100
-1 (base 10) to base 8
-1
What is 1 (base 3) in base 8?
1
5 (base 9) to base 2
101
Convert 12 (base 6) to base 7.
11
Convert 21 (base 5) to base 6.
15
What is a2 (base 12) in base 16?
7a
Convert -1 (base 13) to base 4.
-1
14 (base 11) to base 10
15
What is 5 (base 10) in base 14?
5
10 (base 8) to base 2
1000
Convert -13 (base 7) to base 3.
-101
Convert c4 (base 15) to base 11.
158
0 (base 6) to base 9
0
What is 100 (base 3) in base 9?
10
What is -2 (base 9) in base 16?
-2
What is -21 (base 3) in base 7?
-10
What is 100 (base 2) in base 5?
4
Convert -11 (base 12) to base 14.
-d
What is 1 (base 6) in base 9?
1
What is 76 (base 16) in base 15?
7d
620 (base 7) to base 9
372
What is -41 (base 9) in base 13?
-2b
Convert 5c (base 13) to base 2.
1001101
What is 2 (base 7) in base 13?
2
-11 (base 5) to base 9
-6
Convert 4 (base 14) to base 3.
11
-302 (base 4) to base 6
-122
-2 (base 16) to base 7
-2
-2010 (base 3) to base 6
-133
What is 3 (base 7) in base 8?
3
What is 0 (base 9) in base 8?
0
10 (base 12) to base 3
110
Convert -1 (base 7) to base 6.
-1
What is -1022 (base 3) in base 14?
-27
-20 (base 13) to base 15
-1b
Convert -46 (base 7) to base 2.
-100010
Convert 3b (base 13) to base 5.
200
0 (base 13) to base 9
0
What is -24 (base 9) in base 13?
-19
-323 (base 5) to base 10
-88
What is 100 (base 2) in base 8?
4
-b (base 13) to base 8
-13
Convert -6 (base 9) to base 15.
-6
What is -237 (base 9) in base 8?
-304
What is -3 (base 10) in base 14?
-3
Convert -2 (base 7) to base 8.
-2
Convert 41 (base 6) to base 14.
1b
f (base 16) to base 14
11
-3122 (base 4) to base 3
-22002
Convert 5 (base 9) to base 11.
5
14 (base 14) to base 1